etermine f(q).
-5
Let p(z) be the second derivative of z**4/12 - z**3/6 - 2*z**2 - 2*z. What is p(-3)?
8
Let y(i) = -4*i - 4. Let l be y(-1). Let q(k) = -k**3 + k**2 + k - 1. Determine q(l).
-1
Let u(l) = -27*l**2 - 4*l + 4. Let y = 9 - 9. Suppose y*k - 5*k + 25 = 0. Let o(c) = 18*c**2 + 3*c - 3. Let z(p) = k*u(p) + 7*o(p). What is z(1)?
-9
Let t(h) = h**3 - 2*h**2 + 3*h - 1. Let q(g) = g**3 + 11*g**2 + g + 13. Let v be q(-11). Determine t(v).
5
Suppose 5*x = -5 - 0. Let r(g) = 2*g**3 - 2*g**2 - g. Calculate r(x).
-3
Let i(d) = -d**2 + 6*d - 4. Let x = 22 - 18. Calculate i(x).
4
Let n(g) be the third derivative of -g**4/24 + g**2. Let r be n(-2). Let h(f) be the third derivative of f**5/30 - f**4/24 + 3*f**2 - 3*f. Give h(r).
6
Let b = 11 - 8. Let n be (-39)/(-12) + 1/(-4). Let y(h) = 2*h - 2 - n - 2 + 3. Determine y(b).
2
Let w(x) = -6*x**2 - x + 1. Let q = -2 - -3. What is w(q)?
-6
Let x(v) = 2*v**3 + v**2 - 2*v + 1. Let h be x(1). Let b be ((-2)/2)/(1/(-2)). Let l(i) = -b*i**2 + 3*i**2 - 1 - i**3 + 2*i - i**2. Determine l(h).
-5
Let r(n) = n + 10. Let b be r(-6). Suppose 5*m = -2*g + 14, 2*g = 4*m - g - 2. Let y(u) = -3*u**2 - b + 6 + 4*u**m. What is y(0)?
2
Let z(d) = -2*d**2 + 10*d**2 - 2*d + 5*d**2 + 269 - 270. Calculate z(-1).
14
Suppose -4*x - 17 = 15. Let v be (x/(-2))/(0 + 1). Let j(u) = -5*u + v + 0*u**2 + 2*u - u**2. What is j(-3)?
4
Let t(y) be the third derivative of -y**6/360 + y**5/24 + y**4/24 - 2*y**3/3 + 2*y**2. Let r(b) be the first derivative of t(b). What is r(6)?
-5
Let r(i) = i**2 - 4*i + 1. Let y(g) = 17*g - 13. Let n be y(1). Calculate r(n).
1
Suppose 13*i = 10*i + 21. Let q(u) = -u + 4. Give q(i).
-3
Let m(b) = -3*b + 2 + b**2 + 3 - 3*b - 2. Let t(s) = -s**2 - 7*s - 9. Let w be t(-6). Let l = 3 - w. Determine m(l).
3
Let r(h) be the first derivative of -3 - h - 5/2*h**2. Give r(1).
-6
Let h = -4 - -7. Suppose 5 = -y - 5*a, 2*a = -h*y + 3 - 5. Let j(s) = -7*s - s**3 + 6 + 5*s + s**2 + s + 0. Determine j(y).
6
Let m = -1 + 1. Let a(t) be the first derivative of t**3/3 - t**2/2 + 7*t - 44. Give a(m).
7
Let g(t) be the first derivative of t**2/2 + t - 1. Calculate g(-1).
0
Let b(c) = -c**3 + 3*c + 3. Suppose -g - 21 = -4*g. Suppose 2*t + g = 3. Calculate b(t).
5
Let j be 9/(-6)*(-8)/(-3). Let x(q) = q + 2. Let p be x(j). Let w(n) = -8 + 14 + n**2 - 5. Calculate w(p).
5
Let u(d) = -d**2 + 2*d + 1. Let x be u(3). Let q(a) = -2*a**2 - 8*a + 10*a + 3*a**2. Calculate q(x).
0
Let n(o) be the first derivative of -4 + 4/3*o**3 + 0*o**2 + o. Calculate n(1).
5
Let x = 2 + -7. Let h(b) = 23*b**3 + 6*b**2 - 4*b + 7. Let l(t) = -15*t**3 - 4*t**2 + 3*t - 5. Let n(m) = x*h(m) - 7*l(m). Give n(-1).
9
Let t(p) = -p**3 + 5*p**2 - 9*p + 7. Let k be t(2). Let l(c) = -7*c + 1. Give l(k).
-6
Let p(g) = g**2 - 6*g + 3. Suppose 2*z - 10 = -3*c + 14, 0 = 4*z - 5*c - 4. Give p(z).
3
Let t(s) = -s**2 - s + 1. Let d(m) = -2*m**2 - 9*m. Let b(f) = -d(f) + t(f). Give b(-6).
-11
Let s(p) = p - 2. Suppose 4*t = -v - 12, -12 = 2*t + t. Let a be (v/(-3))/(-4)*18. Give s(a).
4
Let l(k) be the first derivative of 3*k**2 + 2. Suppose -3*y + 1 = -5. Let w = y - 3. Give l(w).
-6
Let o(g) = 2*g**2 + g. Let n = 181 + -183. Determine o(n).
6
Let v(l) = -9*l**2 + 11*l. Let h(t) = -5*t**2 + 5*t. Let a = 0 - -4. Let j(i) = a*v(i) - 9*h(i). Suppose g + 2*g - 4*z + 1 = 0, 5*g - 10 = -5*z. Determine j(g).
8
Let p(m) = m**2 - 5. Suppose 0 = -z + 4*z. What is p(z)?
-5
Let a(z) = -z**3 + 8*z**2 - 7*z. Let g be a(5). Suppose -6*d + d + g = 0. Let x be (-2)/d - (-30)/(-8). Let q(l) = l. Determine q(x).
-4
Let d(a) = 2*a + 2. Let m(r) = 3*r + 3. Let o(j) = j + 1. Let n(z) = -m(z) - 2*o(z). Let i(f) = -7*d(f) - 3*n(f). Suppose 0 = 2*g + g. Calculate i(g).
1
Let o(y) = -y**2 + y. Suppose -2*w = 2 + 12. Let n = w + 10. Determine o(n).
-6
Let t be (-9*1)/(-3) + 1. Suppose -t*n = 4*a - 8, 4*n = 2*a - n + 31. Let f(l) = -4*l**2 - 14 + 13 - l + 0*l**3 - 3*l - l**3. Calculate f(a).
2
Let m be -2*(14/2 + 1). Let f be (m/6 - -1)*3. Let j(k) = 7 + 3*k - 1 - k. Give j(f).
-4
Let r = -17 + 35. Let y = -3 + r. Suppose 5*l + 2*t = -21, -5*l - 3*t - y = 2*t. Let d(u) = u**3 + 5*u**2 - u - 1. Determine d(l).
4
Let h(x) be the second derivative of x**4/12 - 2*x**3/3 - 2*x**2 + x. Let o be (7 - 2) + (-6)/2. Let y be (7 - 6)*10/o. Give h(y).
1
Let p be ((10/8)/5)/(1/(-4)). Let l(r) = -r**3 - 2*r**2 - 2*r - 1. What is l(p)?
0
Let k(s) = 2*s**2 - 5*s + 8. Let r(f) = f**2 - 2*f + 4. Let m(c) = -3*k(c) + 5*r(c). Suppose 0 = -0*z + 2*z. Suppose -l + 6 - 2 = z. Determine m(l).
0
Let o(v) be the second derivative of 0 + 1/2*v**2 + 1/4*v**4 + 1/3*v**3 + v. Suppose -5*i - 2 = -3*i. Give o(i).
2
Suppose 0 = 3*g + 2*b - 40, 2*b + 2 = g - 3*b. Suppose 0*v + v + 4*a = 11, -4*v - 2*a = g. Let c(o) = o**3 + 5*o**2 - 2*o - 5. Give c(v).
5
Let u be 5*-1*2/2. Let t(f) be the first derivative of -f + 6 - 1/2*f**2. Give t(u).
4
Let v = -1 - -5. Let x(q) = -14*q - 17. Let n(l) be the first derivative of 5*l**2/2 + 6*l + 9. Let s(r) = -17*n(r) - 6*x(r). Calculate s(v).
-4
Let g(a) = -a**2 - a - 1. Let q(d) = 2*d**2 + 6*d + 6. Let y(w) = -24*g(w) - 4*q(w). Calculate y(-1).
16
Let x(h) = 16 - 30 - 3*h + 13. What is x(-1)?
2
Let m(j) = 0*j - j - 10 + 9. Suppose 5*y - 2*d = -2 + 1, 5*d + 14 = -4*y. Determine m(y).
0
Let j(d) = d**2 + 8*d + 5. Suppose 0 = -3*t + 4 + 14. Suppose -3*r + 4*r = -t. Calculate j(r).
-7
Suppose -b + 3*b = -6. Let a = b - -6. Let l(c) = -c**2 - 2*c - 2*c**a + 3*c**3 - 1 + 0*c. What is l(2)?
-1
Let w(t) = 4*t**2 - t. Let m(c) = -c**3 + 4*c**2 - 3*c. Let l be m(2). Give w(l).
14
Let n(k) = -k**3 + 6*k**2 - 7*k + 4. Suppose -5*l - 17 = -h + 2*h, l + 4*h + 11 = 0. Let g = l - -8. Determine n(g).
-6
Let b(t) be the second derivative of -5*t + 0 - 5/6*t**3 + 1/2*t**2. Give b(-2).
11
Let s(o) = -6*o - 3. Let w be s(-1). Let p(n) = -n**3 + 5*n**2 + 3*n + 1. Let m(c) = 2*c**3 - 11*c**2 - 7*c - 3. Let v(t) = -2*m(t) - 5*p(t). What is v(w)?
-2
Let q(b) = 14*b - 1. Let y(m) = -5*m. Let h(s) = -4*q(s) - 11*y(s). Calculate h(3).
1
Let c(o) = -7*o**2. Let p(u) be the second derivative of u**4/12 + 7*u**3/6 - u**2/2 + 4*u. Let d be 2/2*-1*7. Let l be p(d). Calculate c(l).
-7
Let h(w) be the first derivative of -w**3/3 + 5*w**2/2 - 3*w - 15. Give h(4).
1
Let i(p) = p**2 + 5*p - 3. Let q(b) = -b. Let l(j) = -i(j) - 5*q(j). Let r be (0/1)/(-3 + 1). Calculate l(r).
3
Let k(i) = -4*i**3 + 10*i**2 - i - 5. Let u(g) = 11*g**3 - 29*g**2 + 4*g + 15. Let p(d) = -d + 5. Let o be p(8). Let j(x) = o*u(x) - 8*k(x). Give j(6).
7
Suppose -c - 5*a + 6 = -3, -4*c = -5*a - 11. Suppose -2*u - 2 = 3*t + 2, t + c*u = -8. Let w(x) = -x**2 - x + 6. Calculate w(t).
6
Suppose 0 = -6*i - 30 + 12. Let c(j) = 4*j + 1. Calculate c(i).
-11
Let b be (-1 - -1) + (-7 - -9). Let x(h) = 8 + 4 + 5*h**b - 2 - h**3 - h - 3. Suppose 3*z = -2*g + 1, -2*g + 6 + 1 = z. What is x(g)?
2
Let v(c) be the first derivative of -c**3/3 + c**2/2 + c - 28. Determine v(2).
-1
Let l(k) = -k + 6. Suppose -12 = 3*c - 3. Let b be c*3/6*-4. Give l(b).
0
Let n(j) = 8*j + 4 - 12*j + 5*j - 2*j. What is n(3)?
1
Let m(y) = -3*y. Let j be m(1). Let t(c) = -7*c + 4. Let o(b) be the first derivative of 11*b**2/2 - 6*b - 1. Let v(n) = -5*o(n) - 8*t(n). Determine v(j).
-5
Let t(v) = -2*v**3 + v**2 + v + 6. Let y(i) = -i**3 + i + 3. Let a(z) = 3*t(z) - 7*y(z). Determine a(-3).
9
Let a(i) = -2*i - 7. Let f = -3 + -3. Let l be a(f). Let g(q) be the first derivative of q**2/2 - 2*q - 1. Calculate g(l).
3
Suppose -12 = 2*i + 4*s - 0, -9 = -3*i + 3*s. Suppose -4*z + 7*z = i. Let k(b) = 3*b - 2*b + 0 + 4. Determine k(z).
4
Let a = 0 + -1. Let s be ((-6)/3)/(a*1). Let t(w) = -1 + 3*w - w - 4*w. Give t(s).
-5
Suppose 5*s = -i + 11, 2*i = -3*s - 0*i + 1. Let w = 3 - 1. Let r(d) = -3*d + 0*d**2 - s*d**w - d**3 - d**2. Calculate r(-2).
-2
Suppose i = 2*i - 4*n + 13, 2*i - 3*n = -6. Let a(o) = 5*o**3 - 2*o**i - 2*o + 0 - 2*o**3 - 1. Determine a(-1).
0
Let l(v) = -v**3 + 4*v**2 - v. Let o = 5 + -7. Let k be (-3 - (-1 + -1))*o. Suppose -u - 2 = p, -5*u = -k + 27. What is l(p)?
6
Let u(s) = -3*s + 6. Let c(d) = d**3 + 6*d**2 + d + 11. Let i be c(-6). Calculate u(i).
-9
Let t(z) = 9*z**2 + z. Suppose 0 = -4*i - 0*i + 3*d - 10, 4*i = -4*d + 4. Determine t(i).
8
Let k = 4 + -4. Let x be k + 